a**3 - 503*a**2 - 3600*a + 15282. What is h(510)?
-18
Let v(m) = m**3 + 3*m**2 + 9139*m + 45740. What is v(-5)?
-5
Let q(j) = 2*j**2 + 524*j - 15790. Determine q(29).
1088
Let r(v) = -2355*v - 189455. What is r(-80)?
-1055
Let p(r) = 22*r**2 - 4088*r - 575. Give p(186).
169
Let c(q) = -3264*q + 2061. Give c(1).
-1203
Let b(q) = q**3 + 188*q**2 - 415*q - 42716. Calculate b(-189).
-2
Let u(b) = 354*b - 9338. What is u(31)?
1636
Let p(n) = 5750*n + 730245. Determine p(-127).
-5
Let o(j) = -44746*j - 44757. Give o(-1).
-11
Let m(q) = 107*q**2 - 332*q + 11. Give m(0).
11
Let y(w) = 6*w**3 + 108*w**2 + 126*w + 395. Calculate y(-17).
-13
Let d(j) = 6*j**2 + 5665*j - 44759. Calculate d(-952).
-15
Let b(v) = -4*v**2 + 1943*v - 23296. Determine b(473).
827
Let t(p) = 5*p**3 + 547*p**2 + 745*p - 1135. Calculate t(-108).
53
Let o(a) = -2*a**2 - 301*a - 313. Calculate o(0).
-313
Let f(x) = -31782*x - 667415. What is f(-21)?
7
Let b(a) = -a**3 + 37*a**2 + 63*a + 611. Give b(39).
26
Let g(j) = -2142*j - 10677. Determine g(-5).
33
Let b(n) = 66*n**2 - 589*n - 61. Give b(9).
-16
Let s(j) = -9*j**2 - 200*j - 1073. What is s(-13)?
6
Let d(z) = -z**3 - 462*z**2 - 1838*z - 2740. What is d(-458)?
8
Let c(a) = 149*a + 1599. Determine c(-10).
109
Let a(j) = 30*j**2 + 1110*j - 4433. Calculate a(4).
487
Let p(t) = 273*t**2 + 489*t + 1. Calculate p(-2).
115
Let k(z) = -8*z**2 - 12165*z - 164284. Give k(-1507).
-21
Let r(b) = -4*b**3 - 199*b**2 + 728*b + 2070. Calculate r(-53).
3
Let g(v) = -375*v + 3288. Determine g(11).
-837
Let q(x) = -1921*x + 276616. Calculate q(144).
-8
Let t(f) = 1276*f + 495709. What is t(-389)?
-655
Let m(v) = 26928*v + 862002. Determine m(-32).
306
Let c(f) = -4*f**2 + 815*f + 46955. Calculate c(-47).
-186
Let x(a) = -169*a + 3705. Give x(18).
663
Let r(h) = -h**3 - 53*h**2 - 367*h + 233. Give r(-44).
-1043
Let q(b) = -335*b + 1805. Calculate q(4).
465
Let r(z) = z**2 + 57*z - 650. What is r(13)?
260
Let n(r) = -719*r + 134436. Determine n(187).
-17
Let n(h) = -7*h**2 + 307*h - 1434. Give n(48).
-2826
Let j(a) = -2573*a + 50761. What is j(20)?
-699
Let s(p) = p**3 + 9*p + 13. Calculate s(-4).
-87
Let j(w) = 2433*w + 990303. What is j(-407)?
72
Let q(i) = 3*i**3 + 230*i**2 + 2723*i + 49. Give q(-62).
359
Let i(t) = t**2 + 50*t - 1043. Give i(29).
1248
Let v(n) = -n**3 + 13738*n**2 - n - 12. Determine v(0).
-12
Let y(f) = 2*f**3 - 46*f**2 + 54*f + 34. Calculate y(22).
254
Let n(d) = -d**3 + 395*d**2 - 6783*d - 1119. Calculate n(377).
12
Let u(s) = -s**3 - 63*s**2 + 17900*s + 1487. Determine u(106).
3
Let m(k) = -k**3 + 34*k**2 + 2621*k - 95233. Give m(40).
7
Let w(p) = 2*p**3 + 10*p**2 - 971*p + 4785. Give w(16).
1
Let j(l) = -4*l**3 - 65*l**2 - 112*l - 543. Calculate j(-15).
12
Let r(l) = -9126*l + 310344. What is r(34)?
60
Let d(t) = -3*t**3 + 757*t**2 - 272*t + 5387. What is d(252)?
347
Let n(m) = m**3 + 183*m**2 + 706*m - 537. Give n(-179).
1253
Let y(z) = -45650*z - 639084. Calculate y(-14).
16
Let j(f) = -1595*f - 1342990. What is j(-842)?
0
Let q(n) = -373*n - 143612. Determine q(-385).
-7
Let h(q) = 14126*q - 1596234. Give h(113).
4
Let u(i) = 20240*i - 546355. Determine u(27).
125
Let z(m) = -m**2 + 68*m - 448. Give z(17).
419
Let c(r) = -14077*r - 900928. Determine c(-64).
0
Let f(c) = -16518*c + 16241. What is f(1)?
-277
Let y(h) = -538*h - 75845. Calculate y(-141).
13
Let b(p) = p**3 + 35*p**2 - 287*p + 261. Calculate b(-42).
-33
Let c(a) = -47*a**3 + 8*a**2 - 28*a + 30. Calculate c(1).
-37
Let l(m) = 9*m**2 + 99*m - 7644. Calculate l(24).
-84
Let f(a) = -34*a + 4248. Calculate f(124).
32
Let u(v) = -5281*v + 5272. What is u(1)?
-9
Let t(p) = p**3 - 116*p**2 + 3395*p - 2954. Determine t(62).
-40
Let t(j) = 84963*j - 2463925. Determine t(29).
2
Let z(c) = 5*c**3 - 113*c**2 + 807*c - 13463. Calculate z(21).
-44
Let t(j) = -j**3 + 53*j**2 - 537*j + 625. Determine t(40).
-55
Let f(l) = -18*l - 10913. Determine f(-603).
-59
Let o(p) = 5*p**3 - 41*p**2 + 35*p - 100. Give o(8).
116
Let w(b) = 2876*b - 261713. Determine w(91).
3
Let r(b) = b**3 + 42*b**2 - 70*b + 519. What is r(-44)?
-273
Let j(k) = -8*k**2 - 568*k + 12813. Give j(18).
-3
Let x(n) = 3*n**2 + 16266*n + 113864. Give x(-7).
149
Let b(m) = m**3 + 20*m**2 - 297*m + 513. Give b(10).
543
Let c(f) = -70*f**2 + 979*f + 358. What is c(14)?
344
Let g(z) = 87*z**2 + 108*z - 1. Give g(1).
194
Let r(s) = -13*s**2 + 2923*s + 26322. What is r(-9)?
-1038
Let x(i) = 203526*i - 1424636. What is x(7)?
46
Let a(i) = 16779*i + 83934. Calculate a(-5).
39
Let u(r) = -r**3 + 4347*r**2 + 140125*r - 111. Determine u(-32).
-15
Let u(p) = 1703*p + 3460491. Calculate u(-2032).
-5
Let m(t) = 8*t**2 + 1883*t - 8558. Give m(-240).
322
Let n(y) = 1607*y - 6428. Calculate n(3).
-1607
Let f(u) = -5*u**3 - 1171*u - 1169. Give f(-1).
7
Let g(j) = j**2 + 10388*j - 229029. Calculate g(22).
-9
Let k(p) = 2*p**3 - 60*p**2 + 158*p - 4754. Give k(30).
-14
Let g(b) = -b**3 - 17*b**2 - 17*b + 82. What is g(-14)?
-268
Let t(g) = -828*g**2 - 7402*g + 484. Determine t(-9).
34
Let w(k) = -k**3 + 73*k**2 + 674*k - 57759. Give w(71).
177
Let w(c) = c**3 + 272*c**2 + 1086*c + 3280. Calculate w(-268).
-472
Let n(t) = 4590*t + 73611. Calculate n(-16).
171
Let l(h) = -h**2 + 1096*h + 131355. Give l(-109).
10
Let m(k) = -3*k**2 - 1141448*k - 2282894. Give m(-2).
-10
Let r(n) = n**3 + 1905*n + 7597. Give r(-4).
-87
Let f(b) = -10984*b + 55041. Calculate f(5).
121
Let y(b) = 3*b**2 + 1980*b - 129610. What is y(60)?
-10
Let x(i) = 39*i**2 - 2018*i + 5241. What is x(49)?
-2
Let x(g) = -2*g**3 + 783*g**2 + 5572*g - 32. Calculate x(-7).
17
Let l(v) = 15*v**3 - 30*v**2 + 30*v + 54. Give l(-2).
-246
Let y(v) = v**3 + 431*v**2 - 2145*v - 188. Give y(5).
-13
Let m(v) = 77930*v - 701370. Give m(9).
0
Let r(x) = -1868*x - 26306. Give r(-14).
-154
Let p(g) = -202435*g + 22470281. Determine p(111).
-4
Let w(t) = -24*t**2 - 500*t - 138. Determine w(-21).
-222
Let f(p) = -3*p**3 - 1150*p**2 - 2577*p + 34295. Determine f(-381).
5
Let m(h) = -970*h - 94051. Determine m(-97).
39
Let x(m) = -14*m**2 + 4101*m - 31659. What is x(285)?
-24
Let t(w) = 10*w**2 + 1118*w - 1512. Give t(-113).
-156
Let t(u) = 2*u**3 - 142*u**2 - 148*u - 222. Give t(72).
-510
Let d(y) = 2*y**2 + 32521*y + 195062. What is d(-6)?
8
Let r(a) = a**2 + 558142*a - 558142. Determine r(1).
1
Let c(d) = 9903*d + 1534988. What is c(-155)?
23
Let k(y) = 4*y**3 - 509*y**2 + 582*y + 6063. Determine k(126).
15
Let q(x) = 3*x**2 + 2316*x + 106193. Give q(-723).
-88
Let g(b) = 184*b**2 - 1224*b + 2438. Give g(2).
726
Let z(a) = 7*a**3 - 118*a**2 - 39*a + 9. Determine z(17).
-365
Let x(w) = -22*w**2 + 687*w + 328. Determine x(32).
-216
Let t(b) = -2*b**2 - 4342*b - 25984. Calculate t(-6).
-4
Let s(i) = i**3 + 79*i**2 + 602*i - 685. Determine s(-9).
-433
Let i(o) = 7243*o + 42. What is i(0)?
42
Let q(d) = -96505*d + 482575. Calculate q(5).
50
Let r(q) = -6*q**3 + 37*q**2 - 558*q + 3303. Determine r(6).
-9
Let j(m) = -72503*m + 580003. What is j(8)?
-21
Let u(i) = -4439*i - 18374. Calculate u(-4).
-618
Let c(o) = -3054*o + 33552. Calculate c(11).
-42
Let o(f) = f**2 - 59*f - 11925. Determine o(-83).
-139
Let s(x) = 2*x**3 + 441*x**2 + 546*x - 24327. What is s(-219)?
-18
Let g(v) = -7*v**2 + 274*v + 1552. Give g(-5).
7
Let p(u) = -22*u - 4319. Determine p(-127).
-1525
Let w(j) = -j**3 + 7*j**2 - 32*j - 580. What is w(-9)?
1004
Let h(x) = -x**2 + 33*x - 258. Calculate h(13).
2
Let h(z) = -z**3 - 8*z**2 + 9272*z + 83365. Give h(-9).
-2
Let k(y) = 3846*y + 11509. Determine k(-3).
-29
Let v(a) = a**3 + 1646*a**2 - 16419*a + 233490. Determine v(-1656).
-6
Let u(n) = 54*n**2 + 326*n - 1125. Give u(-8).
-277
Let m(y) = -y**2 - 615*y - 55469. Give m(-110).
81
Let f(t) = -5134*t - 10341. Determine f(-2).
-73
Let h(z) = -544*z**2 + 555*z - 10. Determine h(1).
1
Let n(l) = -5554*l - 216574. Calculate n(-39).
32
Let a(u) = -u**3 + 45*u**2 - 224*u + 2375. Determine a(41).
-85
Let x(a) = -2*a**3 - 47*a**2 - 234*a + 67. Determine x(-6).
211
Let s(c) = 11*c**2 + 1659*c - 1995. Calculate s(-152).
-19
Let w(p) = p**3 + 371*p**2 - 2635*p - 1082. Calculate w(-378).
-5240
Let u(n) = 104*n**3 - 1047*n**2 + 62*n + 73. What is u(10)?
-7
Let q(k) = -3*k**2 - 94*k + 31925. Give q(-120).
5
Let t(p) = -p**3 + 28*p**2 -